{"id":44,"date":"2013-09-02T21:22:24","date_gmt":"2013-09-02T19:22:24","guid":{"rendered":"http:\/\/budo-seishin.ro\/?page_id=44"},"modified":"2023-10-25T16:53:23","modified_gmt":"2023-10-25T14:53:23","slug":"contact","status":"publish","type":"page","link":"http:\/\/budo-seishin.ro\/?page_id=44","title":{"rendered":"Contact"},"content":{"rendered":"<table style=\"border-collapse: collapse; width: 100%;\">\n<tbody>\n<tr>\n<td style=\"width: 100%;\">\n<h4 style=\"text-align: center;\">\u00a0BUDO SEISHIN Baicului Colentina, Bucure\u015fti<\/h4>\n<table style=\"border-collapse: collapse; width: 100%;\">\n<tbody>\n<tr>\n<td style=\"width: 52.3923%;\">\n<p>\u00a0<\/p>\n<p>Clubul de arte mar\u0163iale BUDO SEISHIN<\/p>\n<p>Hanshi Doru Galan tel : 0746 201 301; 0723 378 797<\/p>\n<p>email : budo_seishin@yahoo.com<\/p>\n<p>Prima s\u0103pt\u0103m\u00e2n\u0103 gratuit!!!<\/p>\n<p>Studen\u021bii \u015fi fra\u021bii beneficeaza de reduceri!!!<\/p>\n<p>Abonament lunar:250\/luna \u0219i al doilea frate are 50% reducere iar pentru 3 fra\u021bi\u00a0400\u00a0de\u00a0lei.<\/p>\n<p>Program antrenamente: luni &#8211; vineri<\/p>\n<p>Ora 18.00 -19.15 \u2013 copii \u00a0de la 5 ani -14 ani<\/p>\n<p>Ora 19.15-20.45\u00a0 &#8211; adul\u021bii de la 15-95 ani<\/p>\n<\/td>\n<td style=\"width: 47.6077%;\"><div class=\"vsg-map\"><iframe align=\"left\" width=\"400\" height=\"380\" frameborder=\"0\" scrolling=\"no\" marginheight=\"0\" marginwidth=\"0\" src=\"https:\/\/maps.google.com\/maps?&q=Strada%20Popa%20Nicolae%20nr.%2052&amp;cid=&amp;t=m&amp;center=Strada%20Popa%20Nicolae%20nr.%2052&output=embed&z=14&iwloc=A&visual_refresh=true\"><\/iframe><\/div><\/td>\n<\/tr>\n<\/tbody>\n<\/table>\n<\/td>\n<\/tr>\n<tr>\n<td style=\"width: 100%;\">\n<h4 style=\"text-align: center;\">BUDO SEISHIN Cr\u00e2nga\u015fi, Centrul Comercial ITAOUI CENTER, Etaj 1<\/h4>\n<table style=\"border-collapse: collapse; width: 100%;\">\n<tbody>\n<tr>\n<td style=\"width: 50%;\"><div class=\"vsg-map\"><iframe align=\"left\" width=\"400\" height=\"380\" frameborder=\"0\" scrolling=\"no\" marginheight=\"0\" marginwidth=\"0\" src=\"https:\/\/maps.google.com\/maps?&q=Calea%20Cr%C3%A2nga%C8%99i%20nr.%2087&amp;cid=&amp;t=m&amp;center=Calea%20Cr%C3%A2nga%C8%99i%20nr.%2087&output=embed&z=14&iwloc=A&visual_refresh=true\"><\/iframe><\/div><\/td>\n<td style=\"width: 50%;\">\n<p>\u00a0<\/p>\n<p>Clubul de arte mar\u021biale BUDO SEISHIN<\/p>\n<p>Shihan Doru D. Galan jr tel:0745 840 056<\/p>\n<p>Prima s\u0103pt\u0103m\u00e2n\u0103 gratuit!!!<\/p>\n<p>Abonament lunar:180\/luna \u0219i 250\/luna membrii aceleia\u0219i familii.<\/p>\n<p>Program de antrenament :<\/p>\n<p>Mar\u0163i: 17:00-18:00 grupa copii 4,5-7 ani<\/p>\n<p>\u00a0\u00a0\u00a0\u00a0\u00a0\u00a0\u00a0\u00a0\u00a0\u00a0 18:00-19:30 grupa 8 &#8211; 99 ani<\/p>\n<p>Joi: 17:00-18:00 grupa copii 4,5-7 ani<\/p>\n<p>\u00a0\u00a0\u00a0\u00a0\u00a0\u00a0 18:00-19:30 grupa 8 &#8211; 99 ani<\/p>\n<\/td>\n<\/tr>\n<\/tbody>\n<\/table>\n<br \/>\n<h4 style=\"text-align: center;\">BUDO SEISHIN Berceni, \u00een incinta &#8220;Bazei Sportive Berceni&#8221;<\/h4>\n<\/td>\n<\/tr>\n<tr>\n<td style=\"width: 100%;\"><br \/>\n<table style=\"border-collapse: collapse; width: 100%;\">\n<tbody>\n<tr>\n<td style=\"width: 50%;\">\n<p>\u00a0<\/p>\n<p>Clubul de arte mar\u021biale BUDO SEISHIN<\/p>\n<p>Shihan Genoveva Dobre tel:0748 290 455<\/p>\n<p>Program de antrenament :<\/p>\n<p style=\"text-align: left;\">Miercuri: 19:00-20:00 grupa de incepatori<\/p>\n<p style=\"text-align: left;\">\u00a0\u00a0 \u00a0 \u00a0 \u00a0\u00a0 \u00a0\u00a0\u00a0\u00a0\u00a0 20.00-21.00 grupa de avansa\u021bi<\/p>\n<p style=\"text-align: left;\">Sambata: 10.30-11.30 grupa de \u00eencep\u0103tori<\/p>\n<p style=\"text-align: left;\">\u00a0\u00a0\u00a0\u00a0\u00a0\u00a0\u00a0\u00a0\u00a0\u00a0\u00a0\u00a0\u00a0\u00a0\u00a0 11.30-12.30 grupa de avansati<\/p>\n<\/td>\n<td style=\"width: 50%;\"><div class=\"vsg-map\"><iframe align=\"left\" width=\"400\" height=\"380\" frameborder=\"0\" scrolling=\"no\" marginheight=\"0\" marginwidth=\"0\" src=\"https:\/\/maps.google.com\/maps?&q=Strada%20Valea%20Sterii%2044%2C%20Berceni%2C%20Comuna%20Berceni%2C%20Jude%C8%9Bul%20Ilfov&amp;cid=&amp;t=m&amp;center=Strada%20Valea%20Sterii%2044%2C%20Berceni%2C%20Comuna%20Berceni%2C%20Jude%C8%9Bul%20Ilfov&output=embed&z=14&iwloc=A&visual_refresh=true\"><\/iframe><\/div><\/td>\n<\/tr>\n<\/tbody>\n<\/table>\n<\/td>\n<\/tr>\n<\/tbody>\n<\/table>\n\r\n\r\n","protected":false},"excerpt":{"rendered":"<p>\u00a0BUDO SEISHIN Baicului Colentina, Bucure\u015fti \u00a0 Clubul de arte mar\u0163iale BUDO SEISHIN Hanshi Doru Galan tel : 0746 201 301; 0723 378 797 email : budo_seishin@yahoo.com Prima s\u0103pt\u0103m\u00e2n\u0103 gratuit!!! Studen\u021bii \u015fi fra\u021bii beneficeaza de reduceri!!! Abonament lunar:250\/luna \u0219i al doilea frate are 50% reducere iar pentru 3 fra\u021bi\u00a0400\u00a0de\u00a0lei. Program antrenamente:<a href=\"http:\/\/budo-seishin.ro\/?page_id=44\" class=\"read-more\">Read More<\/a><\/p>\n","protected":false},"author":1,"featured_media":0,"parent":0,"menu_order":7,"comment_status":"closed","ping_status":"closed","template":"","meta":{"footnotes":""},"class_list":["post-44","page","type-page","status-publish","hentry","gallery-content-unit"],"_links":{"self":[{"href":"http:\/\/budo-seishin.ro\/index.php?rest_route=\/wp\/v2\/pages\/44","targetHints":{"allow":["GET"]}}],"collection":[{"href":"http:\/\/budo-seishin.ro\/index.php?rest_route=\/wp\/v2\/pages"}],"about":[{"href":"http:\/\/budo-seishin.ro\/index.php?rest_route=\/wp\/v2\/types\/page"}],"author":[{"embeddable":true,"href":"http:\/\/budo-seishin.ro\/index.php?rest_route=\/wp\/v2\/users\/1"}],"replies":[{"embeddable":true,"href":"http:\/\/budo-seishin.ro\/index.php?rest_route=%2Fwp%2Fv2%2Fcomments&post=44"}],"version-history":[{"count":79,"href":"http:\/\/budo-seishin.ro\/index.php?rest_route=\/wp\/v2\/pages\/44\/revisions"}],"predecessor-version":[{"id":1380,"href":"http:\/\/budo-seishin.ro\/index.php?rest_route=\/wp\/v2\/pages\/44\/revisions\/1380"}],"wp:attachment":[{"href":"http:\/\/budo-seishin.ro\/index.php?rest_route=%2Fwp%2Fv2%2Fmedia&parent=44"}],"curies":[{"name":"wp","href":"https:\/\/api.w.org\/{rel}","templated":true}]}}

<table style="border-collapse: collapse; width: 100%;">
<tbody>
<tr>
<td style="width: 100%;">
<h4 style="text-align: center;"> BUDO SEISHIN Baicului Colentina, Bucureşti</h4>
<table style="border-collapse: collapse; width: 100%;">
<tbody>
<tr>
<td style="width: 52.3923%;">
<p> </p>
<p>Clubul de arte marţiale BUDO SEISHIN</p>
<p>Hanshi Doru Galan tel : 0746 201 301; 0723 378 797</p>
<p>email : budo_seishin@yahoo.com</p>
<p>Prima săptămână gratuit!!!</p>
<p>Studenții şi frații beneficeaza de reduceri!!!</p>
<p>Abonament lunar:250/luna și al doilea frate are 50% reducere iar pentru 3 frați 400 de lei.</p>
<p>Program antrenamente: luni &#8211; vineri</p>
<p>Ora 18.00 -19.15 – copii  de la 5 ani -14 ani</p>
<p>Ora 19.15-20.45  &#8211; adulții de la 15-95 ani</p>
</td>
<td style="width: 47.6077%;"><div class="vsg-map"><iframe align="left" width="400" height="380" frameborder="0" scrolling="no" marginheight="0" marginwidth="0" src="https://maps.google.com/maps?&q=Strada%20Popa%20Nicolae%20nr.%2052&amp;cid=&amp;t=m&amp;center=Strada%20Popa%20Nicolae%20nr.%2052&output=embed&z=14&iwloc=A&visual_refresh=true"></iframe></div></td>
</tr>
</tbody>
</table>
</td>
</tr>
<tr>
<td style="width: 100%;">
<h4 style="text-align: center;">BUDO SEISHIN Crângaşi, Centrul Comercial ITAOUI CENTER, Etaj 1</h4>
<table style="border-collapse: collapse; width: 100%;">
<tbody>
<tr>
<td style="width: 50%;"><div class="vsg-map"><iframe align="left" width="400" height="380" frameborder="0" scrolling="no" marginheight="0" marginwidth="0" src="https://maps.google.com/maps?&q=Calea%20Cr%C3%A2nga%C8%99i%20nr.%2087&amp;cid=&amp;t=m&amp;center=Calea%20Cr%C3%A2nga%C8%99i%20nr.%2087&output=embed&z=14&iwloc=A&visual_refresh=true"></iframe></div></td>
<td style="width: 50%;">
<p> </p>
<p>Clubul de arte marțiale BUDO SEISHIN</p>
<p>Shihan Doru D. Galan jr tel:0745 840 056</p>
<p>Prima săptămână gratuit!!!</p>
<p>Abonament lunar:180/luna și 250/luna membrii aceleiași familii.</p>
<p>Program de antrenament :</p>
<p>Marţi: 17:00-18:00 grupa copii 4,5-7 ani</p>
<p>           18:00-19:30 grupa 8 &#8211; 99 ani</p>
<p>Joi: 17:00-18:00 grupa copii 4,5-7 ani</p>
<p>       18:00-19:30 grupa 8 &#8211; 99 ani</p>
</td>
</tr>
</tbody>
</table>
<br />
<h4 style="text-align: center;">BUDO SEISHIN Berceni, în incinta &#8220;Bazei Sportive Berceni&#8221;</h4>
</td>
</tr>
<tr>
<td style="width: 100%;"><br />
<table style="border-collapse: collapse; width: 100%;">
<tbody>
<tr>
<td style="width: 50%;">
<p> </p>
<p>Clubul de arte marțiale BUDO SEISHIN</p>
<p>Shihan Genoveva Dobre tel:0748 290 455</p>
<p>Program de antrenament :</p>
<p style="text-align: left;">Miercuri: 19:00-20:00 grupa de incepatori</p>
<p style="text-align: left;">                20.00-21.00 grupa de avansați</p>
<p style="text-align: left;">Sambata: 10.30-11.30 grupa de începători</p>
<p style="text-align: left;">                11.30-12.30 grupa de avansati</p>
</td>
<td style="width: 50%;"><div class="vsg-map"><iframe align="left" width="400" height="380" frameborder="0" scrolling="no" marginheight="0" marginwidth="0" src="https://maps.google.com/maps?&q=Strada%20Valea%20Sterii%2044%2C%20Berceni%2C%20Comuna%20Berceni%2C%20Jude%C8%9Bul%20Ilfov&amp;cid=&amp;t=m&amp;center=Strada%20Valea%20Sterii%2044%2C%20Berceni%2C%20Comuna%20Berceni%2C%20Jude%C8%9Bul%20Ilfov&output=embed&z=14&iwloc=A&visual_refresh=true"></iframe></div></td>
</tr>
</tbody>
</table>
</td>
</tr>
</tbody>
</table>

<p> BUDO SEISHIN Baicului Colentina, Bucureşti   Clubul de arte marţiale BUDO SEISHIN Hanshi Doru Galan tel : 0746 201 301; 0723 378 797 email : budo_seishin@yahoo.com Prima săptămână gratuit!!! Studenții şi frații beneficeaza de reduceri!!! Abonament lunar:250/luna și al doilea frate are 50% reducere iar pentru 3 frați 400 de lei. Program antrenamente:<a href="http://budo-seishin.ro/?page_id=44" class="read-more">Read More</a></p>
